hest common factor of 294 and 119910?
42
What is the greatest common divisor of 1476327 and 2265?
453
What is the greatest common factor of 403397 and 161?
23
Calculate the highest common factor of 15957 and 1151859.
591
Calculate the greatest common factor of 2140 and 2620.
20
Calculate the greatest common factor of 8266 and 26.
2
What is the greatest common factor of 42284 and 4?
4
Calculate the greatest common factor of 3424 and 96.
32
What is the highest common factor of 772 and 2982622?
386
Calculate the greatest common divisor of 219168 and 864.
288
Calculate the greatest common factor of 2844 and 2528.
316
Calculate the highest common divisor of 115 and 43723.
23
Calculate the greatest common divisor of 1533 and 1064.
7
Calculate the greatest common divisor of 288 and 603.
9
What is the greatest common factor of 2415 and 687?
3
Calculate the highest common factor of 64694 and 1890.
14
What is the highest common factor of 72 and 3704?
8
Calculate the highest common divisor of 5 and 224155.
5
Calculate the greatest common divisor of 54432 and 2520.
504
Calculate the greatest common factor of 160062 and 42.
42
What is the highest common divisor of 51624 and 468?
36
What is the greatest common divisor of 276 and 11076?
12
What is the greatest common factor of 64328 and 952?
136
What is the greatest common factor of 20 and 1829725?
5
Calculate the greatest common divisor of 24 and 320388.
12
What is the greatest common divisor of 3211 and 169?
169
Calculate the highest common divisor of 4895 and 573694.
979
What is the highest common factor of 6123960 and 360?
360
What is the highest common divisor of 462 and 3211593?
231
What is the greatest common factor of 2145 and 661947?
429
Calculate the highest common factor of 322 and 1785214.
46
Calculate the greatest common divisor of 100 and 96275.
25
What is the greatest common factor of 2555 and 15610?
35
Calculate the greatest common divisor of 2 and 147334.
2
Calculate the greatest common divisor of 429 and 2885883.
429
Calculate the greatest common divisor of 220432 and 368.
368
What is the highest common factor of 26825 and 41470?
145
What is the greatest common divisor of 6240652 and 11?
11
What is the highest common factor of 4747 and 26461?
47
What is the highest common factor of 1105 and 205?
5
Calculate the greatest common divisor of 392484 and 12.
12
What is the greatest common divisor of 618170 and 14?
14
What is the greatest common divisor of 3543 and 2230909?
1181
Calculate the greatest common divisor of 196 and 379946.
98
Calculate the highest common divisor of 204307 and 19.
19
What is the highest common factor of 12064 and 10400?
416
What is the greatest common divisor of 3189782 and 202?
202
Calculate the greatest common factor of 910 and 105690.
130
What is the highest common factor of 199047 and 387?
129
Calculate the greatest common divisor of 40500 and 3300.
300
Calculate the highest common divisor of 1558797 and 503.
503
Calculate the highest common factor of 30 and 52905.
15
Calculate the greatest common factor of 519508 and 33.
11
Calculate the greatest common factor of 2780250 and 385.
55
What is the greatest common divisor of 82047 and 21?
21
Calculate the greatest common factor of 2880335 and 449.
449
Calculate the greatest common factor of 1310326 and 2312.
578
Calculate the highest common factor of 4050 and 1458.
162
Calculate the highest common factor of 168 and 79863.
21
What is the highest common factor of 84 and 446523?
21
Calculate the highest common factor of 84 and 95928.
84
What is the highest common divisor of 274 and 215227?
137
Calculate the greatest common divisor of 400 and 4175.
25
What is the highest common factor of 115 and 9384?
23
What is the highest common divisor of 18556 and 8?
4
What is the highest common factor of 8 and 8716?
4
Calculate the highest common factor of 1692 and 73696.
188
What is the highest common factor of 360 and 3195?
45
What is the highest common factor of 33625 and 538?
269
What is the greatest common divisor of 6 and 120912?
6
What is the highest common factor of 600 and 198528?
24
What is the highest common divisor of 4 and 502012?
4
Calculate the greatest common divisor of 1440414 and 774.
774
What is the greatest common divisor of 28795 and 13?
13
What is the highest common divisor of 2 and 156934?
2
Calculate the highest common divisor of 187 and 19921.
11
Calculate the highest common factor of 2440 and 732610.
610
Calculate the greatest common factor of 2574 and 6578.
286
Calculate the greatest common factor of 12112 and 496.
16
Calculate the greatest common factor of 606 and 115342.
202
Calculate the greatest common factor of 175 and 59425.
25
What is the highest common divisor of 15066 and 6048?
54
Calculate the greatest common factor of 501 and 7139918.
167
What is the highest common divisor of 1260 and 17280?
180
What is the highest common divisor of 518 and 32886?
14
What is the greatest common factor of 153809 and 111?
37
Calculate the greatest common factor of 1858383 and 81.
81
Calculate the highest common divisor of 1417 and 3597.
109
What is the highest common factor of 4312 and 86262?
22
What is the greatest common factor of 108 and 90828?
108
What is the highest common factor of 776 and 25414?
194
Calculate the greatest common factor of 7875 and 88515.
315
What is the greatest common divisor of 4746 and 630?
42
Calculate the greatest common divisor of 172120 and 3848.
104
What is the highest common divisor of 26389 and 99?
11
Calculate the highest common factor of 2340 and 3978.
234
Calculate the greatest common divisor of 79950 and 156.
78
What is the greatest common factor of 10 and 173770?
10
Calculate the greatest common divisor of 180 and 278820.
180
Calculate the greatest common factor of 1467 and 369.
9
What is the highest common divisor of 12092 and 4?
4
Calculate the highest common divisor of 99372 and 13195.
91
What is the highest common factor of 19336 and 16?
8
What is the highest common factor of 70 and 97475?
35
Calculate the greatest common factor of 7188 and 30.
6
What is the highest common divisor of 4329 and 52?
13
What is the highest common factor of 2296 and 208?
8
What is the highest common factor of 544 and 56712?
136
What is the greatest common factor of 1250 and 27625?
125
Calculate the highest common factor of 938 and 511.
7
Calculate the greatest common factor of 3575 and 389350.
325
What is the greatest common divisor of 782 and 16169?
23
Calculate the greatest common divisor of 110 and 143165.
55
Calculate the highest common factor of 2075 and 45235.
415
What is the greatest common divisor of 149319 and 706?
353
Calculate the highest common divisor of 245650 and 250.
50
Calculate the highest common divisor of 2109 and 324083.
703
What is the highest common factor of 153734 and 56?
14
What is the greatest common factor of 608 and 798152?
152
Calculate the greatest common factor of 1428 and 410907.
357
What is the highest common divisor of 394218 and 5430?
1086
Calculate the highest common factor of 1150 and 142025.
575
What is the greatest common divisor of 146816 and 333?
37
Calculate the greatest common divisor of 143 and 2334397.
13
What is the highest common divisor of 22 and 13646?
2
Calculate the highest common divisor of 79174 and 124.
62
Calculate the highest common divisor of 348912 and 144.
144
What is the highest common factor of 72 and 99108?
36
Calculate the highest common factor of 19186 and 4706.
362
What is the greatest common factor of 624 and 3264?
48
What is the highest common divisor of 266 and 2142?
14
Calculate the greatest common divisor of 348 and 21024.
12
Calculate the highest common factor of 39346 and 382.
382
What is the greatest common divisor of 4 and 159202?
2
What is the greatest common divisor of 1970 and 2290?
10
What is the highest common factor of 30 and 1006740?
30
What is the greatest common divisor of 31 and 824507?
31
Calculate the greatest common factor of 172887 and 56265.
1023
Calculate the greatest common divisor of 630 and 2529.
9
What is the highest common divisor of 16 and 697276?
4
Calculate the greatest common factor of 5232 and 648.
24
Calculate the greatest common factor of 896 and 16408.
56
Calculate the greatest common fac